{"id":13,"date":"2024-01-27T15:40:37","date_gmt":"2024-01-27T14:40:37","guid":{"rendered":"https:\/\/soyons.be\/?post_type=product&#038;p=13"},"modified":"2024-01-27T15:40:37","modified_gmt":"2024-01-27T14:40:37","slug":"tissu-thevenon-sweet-love","status":"publish","type":"product","link":"https:\/\/soyons.be\/index.php\/produit\/tissu-thevenon-sweet-love\/","title":{"rendered":"Tissu &#8211; Thevenon &#8211; Sweet love"},"content":{"rendered":"<p>Sobre et actuel, \u201cSweet love\u201d est un velours mat, offrant douceur, moelleux et reflets, mais sans brillance ostentatoire. Sa gamme de couleurs \u00e9tendue accueille de nouveaux coloris que nous vous invitons \u00e0 d\u00e9couvrir et \u00e0 marier au reste de la collection. \u201cSweet love\u201d convient aux canap\u00e9s comme aux rideaux (en total look ou en bande contrastante), et d\u00e9tonne en coussins unis, bicolores jouant sur le recto\/verso, ou encore avec un passepoil noir qui r\u00e9v\u00e8le tout l\u2019\u00e9clat de la couleur principale.<\/p>\n<p>&nbsp;<\/p>\n","protected":false},"excerpt":{"rendered":"<p>Prix au m\u00e8tre<\/p>\n<p>Poids en g\/m2 : 350<br \/>\nR\u00e9sistance \u00e0 l&#8217;abrasion : 25000<br \/>\nR\u00e9sistance \u00e0 la lumi\u00e8re : 5<br \/>\nStyle : uni<br \/>\nSupport : velours<br \/>\nLaize : 140 L<br \/>\nComposition : 100PL<br \/>\nType : Oeko-Tex<\/p>\n","protected":false},"featured_media":77,"comment_status":"open","ping_status":"closed","template":"","meta":[],"product_cat":[17],"product_tag":[18,20,19],"class_list":{"0":"post-13","1":"product","2":"type-product","3":"status-publish","4":"has-post-thumbnail","6":"product_cat-tissu","7":"product_tag-tissu","8":"product_tag-uni","9":"product_tag-velours","11":"first","12":"instock","13":"shipping-taxable","14":"purchasable","15":"product-type-variable"},"jetpack_sharing_enabled":true,"_links":{"self":[{"href":"https:\/\/soyons.be\/index.php\/wp-json\/wp\/v2\/product\/13","targetHints":{"allow":["GET"]}}],"collection":[{"href":"https:\/\/soyons.be\/index.php\/wp-json\/wp\/v2\/product"}],"about":[{"href":"https:\/\/soyons.be\/index.php\/wp-json\/wp\/v2\/types\/product"}],"replies":[{"embeddable":true,"href":"https:\/\/soyons.be\/index.php\/wp-json\/wp\/v2\/comments?post=13"}],"wp:featuredmedia":[{"embeddable":true,"href":"https:\/\/soyons.be\/index.php\/wp-json\/wp\/v2\/media\/77"}],"wp:attachment":[{"href":"https:\/\/soyons.be\/index.php\/wp-json\/wp\/v2\/media?parent=13"}],"wp:term":[{"taxonomy":"product_cat","embeddable":true,"href":"https:\/\/soyons.be\/index.php\/wp-json\/wp\/v2\/product_cat?post=13"},{"taxonomy":"product_tag","embeddable":true,"href":"https:\/\/soyons.be\/index.php\/wp-json\/wp\/v2\/product_tag?post=13"}],"curies":[{"name":"wp","href":"https:\/\/api.w.org\/{rel}","templated":true}]}}